ainder when 87 is divided by r.
9
Let t = -38 - -80. Let p(d) = -13*d + 145. Calculate the remainder when t is divided by p(10).
12
Let s(o) = -4*o - 6 + o**3 + 2 + 0 - 5*o**2. Suppose 2*b = -3*k + k + 44, k + 5*b - 26 = 0. Calculate the remainder when k is divided by s(6).
5
Suppose -5*g = 5*v - 95, 4*g - 60 = -g + 2*v. Let c = -94 + 121. What is the remainder when c is divided by g?
13
Suppose -2*p + 2*w + 64 = 0, -5*p + 41 = 3*w - 103. What is the remainder when 41 is divided by p?
11
Suppose 2*m - 45 - 19 = 0. Calculate the remainder when m is divided by 21.
11
Let z(q) = -4*q + 8. Suppose 0*j + 4*s = 4*j + 48, 2*j + 30 = -4*s. Calculate the remainder when z(j) is divided by 16.
12
Let c = -940 + 948. What is the remainder when 22 is divided by c?
6
Let q = 12 - -33. Suppose q = 5*t - 2*t - h, 0 = 3*t - 4*h - 36. Suppose -14 = -5*g + 31. Calculate the remainder when t is divided by g.
7
Suppose 251 - 179 = 5*t + 3*x, -5*x = 4*t - 68. Calculate the remainder when t is divided by 8 - -1 - (-1)/(-1).
4
Suppose -5*p + 2*p = -12. Suppose -p*v = -4*z, 0 = -z - 0*v + 3*v + 2. What is the remainder when 3 + z*(-3 - 10) is divided by 9?
7
Suppose -61*y = -60*y - 9. What is the remainder when 56 is divided by (-71)/(-3) + -1*6/y?
10
What is the remainder when 92/(6 - 2) + 0 is divided by 7?
2
What is the remainder when 92 is divided by 20/5 + (-10)/(-1)?
8
Suppose 40*d - 141*d = -52015. Calculate the remainder when d is divided by 12.
11
Let o(j) = -11*j - 1. Let b(m) = -23*m - 1. Let n(h) = -3*b(h) + 5*o(h). Let u be (-2)/(6/9*-1). What is the remainder when n(u) is divided by 21?
19
Let j(p) = p - 25. Let a be j(10). Calculate the remainder when 83 is divided by (-18)/a*105/9.
13
Calculate the remainder when (-2264)/(-36) - 12/(-108) is divided by 8.
7
Let i(k) = -3*k**2 + 107*k - 101. Calculate the remainder when i(34) is divided by 13.
4
Suppose -2*m - q + 17 = 0, 80*m - 77*m + 4*q = 18. What is the remainder when 737 is divided by m?
7
Suppose -6*k - 21 = k. Let p = 7 + k. Suppose 0 = p*r + 5*x - 125, -4*r + 5*r + 4*x = 45. What is the remainder when 123 is divided by r?
23
Let b(m) = m**2 - 13*m + 47. Calculate the remainder when 265 is divided by b(16).
75
Suppose 1 + 5 = h. Calculate the remainder when (-112)/(-32) - (-39)/2 is divided by h.
5
Suppose 4*m = 3*v + 9, 4 - 6 = -2*m + 4*v. Suppose 4*d - 8*d + 2*c + 150 = 0, -2*c = -m*d + 115. What is the remainder when d is divided by 21?
14
Suppose -4*u + 0*u = 312. Let t = u + 138. What is the remainder when (8/(-5))/((-6)/t) is divided by 9?
7
Suppose 0 = -3*l - 4*d + 142, 43 = l + 5*d - 19. Calculate the remainder when 75 is divided by l.
33
Suppose 45 = 6*x - 279. What is the remainder when x is divided by 29?
25
Calculate the remainder when 20 is divided by 12/(-16)*(-1 + -19).
5
Suppose 15*p - 457 - 323 = 0. Let g(y) = 2*y**2 + 5*y + 3. Calculate the remainder when p is divided by g(-3).
4
Suppose -2*h + 0 = p - 6, 3*h - p = 14. Suppose j + h = 10. What is the remainder when 11/1 + -1 + -1 is divided by j?
3
Suppose -z + 4*y = z - 340, -4*z - 2*y + 640 = 0. Calculate the remainder when z is divided by 75.
12
Suppose 2*i = -3*b + 43, -2*b + 7 = 3*i - 20. Let n be (-3)/(1/((-222)/(-9))). Let d = n - -133. What is the remainder when d is divided by b?
14
Let j = -37 - -79. Calculate the remainder when j is divided by 30.
12
Let c be (-1)/(-7) - 640/70. Let d = c - -36. What is the remainder when 79 is divided by d?
25
Let x = -50 + 54. Suppose x*l - 64 = -2*s + 42, s = -3*l + 56. Calculate the remainder when s is divided by 12.
11
Let c be 48/(-16) - (-1 - -14). Calculate the remainder when 138/7 + c/(-56) is divided by 11.
9
Suppose 3*n - d = -13, -n - 4*n - 31 = -4*d. Calculate the remainder when 41 is divided by 44/n*(-75)/50.
19
Suppose -48 = -205*f + 203*f. What is the remainder when f is divided by 14?
10
Let m be (-320)/(-48)*(-24 + 0). What is the remainder when m/48*(-21)/2 is divided by 9?
8
Let a = 67 + -37. What is the remainder when 83 is divided by a?
23
Let w = 40 + -15. What is the remainder when 64 is divided by w?
14
Suppose -174 = -20*p + 286. What is the remainder when 132 is divided by p?
17
Suppose 2*c + 110 = 4*a, 4*a - 3*c = 92 + 15. Let g = -13 - -6. What is the remainder when g/2*(1 - 17) is divided by a?
27
Let n(o) = -4*o**3 + o**2 + 3*o + 11. Let t(s) = 9*s**3 - s**2 - 5*s - 22. Let u(b) = 7*n(b) + 3*t(b). Calculate the remainder when 30 is divided by u(5).
14
Let m(z) = 4*z - 3. Let l be -1 + -2 - (-28)/(-7). Calculate the remainder when m(4) is divided by 23/l + 3 + (-116)/(-14).
5
Let f be 14/35*15/(-6). Calculate the remainder when 179 is divided by 1*(f + 19 - 3).
14
Let f = 40 + -18. Let r = -7 + f. Calculate the remainder when 25 is divided by r.
10
Let s be ((-75)/(-10) + -3)/(2/(-12)). Let d = 264 + -177. Let v = s + d. What is the remainder when v is divided by 21?
18
Suppose 7*l = 20 - 6. Calculate the remainder when 11 is divided by -4 + l + (-25)/(-5).
2
Suppose -4*a + 180 = 3*w - 1, -230 = -5*a - 5*w. Calculate the remainder when a is divided by 12.
7
Suppose 0 = 3*s - 4*s - 4*i + 23, 5*i = -25. What is the remainder when 251 is divided by s?
36
Let x = 5761 - 5737. Let g = 0 + 3. Suppose -3*y = -g*k + 144, -214 - 2 = -5*k - 3*y. What is the remainder when k is divided by x?
21
Let z(t) = 9*t + 2*t - 3 + 14*t - 6*t. Let i be z(-3). Let x = i - -85. What is the remainder when 72 is divided by x?
22
Suppose -4*n + 0*n = -16. Suppose -n*t - 3*r = -67, t - 4*r - 60 = -3*t. Calculate the remainder when 61 is divided by t.
13
Let w = -341 + 600. Calculate the remainder when w is divided by 44.
39
Let c(r) = 3*r**3 - 6*r**2 - 16*r - 13. Let k(s) = -s**3 - s**2 + s + 1. Let v(b) = -c(b) - 4*k(b). What is the remainder when v(-4) is divided by 20?
17
Let y = 2 + 0. Suppose -s = -y*s + 4*i + 19, -21 = -s + 3*i. Suppose -s = -2*x + 1. Calculate the remainder when x is divided by 4.
2
Let h be 21/(-35) - (-4)/(-10). What is the remainder when h/(-6) - (-2275)/30 is divided by 39?
37
Let b be (-2)/(5 - 734/146). Suppose 252 = 4*v - 2*s, -v + 2*s - 4*s = -b. Calculate the remainder when v is divided by 18.
11
Let p(z) = -z**3 - z**2 + 2*z + 3. Let r be 2/(-4) + 20/(-8). Let v = 165 + -122. Calculate the remainder when v is divided by p(r).
13
Let y be (-2 - -1) + -1 + 16. Suppose -3*r = -2*r. Let f = y - r. What is the remainder when 51 is divided by f?
9
Suppose 3*m - 3015 = -n, 991 = m + 3*n + 2*n. What is the remainder when m is divided by 56?
54
Suppose 0 = 9*d - 151 + 52. What is the remainder when 832 is divided by d?
7
Suppose 3*f - 4 + 8 = j, -5*f - 12 = -3*j. Suppose o - 20 = -f*o. What is the remainder when 38 is divided by o?
18
Let l(h) = -h - 18. Let i(c) = 2*c + 36. Let t(s) = 3*i(s) + 5*l(s). Calculate the remainder when 23 is divided by t(-15).
2
Suppose 264 = -4*t + 548. What is the remainder when t is divided by 24?
23
Suppose 2*p = -31 + 109. Suppose 6482*m = 6417*m + 1365. Calculate the remainder when p is divided by m.
18
Let x(f) = -2*f**2 - 4*f + 2. Let s be x(-2). Suppose 12 = -u - 5*a, 4*u + 3*a - 27 = -s*a. Calculate the remainder when 62 is divided by u.
10
Suppose 2*l - 4*l + 8 = 0. Let a = l + 7. Suppose 0 = -2*o + 2*q + q + 5, 2*o - 17 = -q. What is the remainder when a is divided by o?
4
What is the remainder when 499 is divided by 1521/24 - (-63)/(-168)?
58
Suppose -3*o = 2*m - 125, -4*m + 2*o = o - 243. Calculate the remainder when 124 + 20/36*-3*3 is divided by m.
58
What is the remainder when (4076/16)/(5/(-200)*-5) is divided by 12?
10
Let m(x) = -x + 12. Let q be m(10). Suppose -i - q*i = 0. Suppose -p - 2*p + 282 = i. What is the remainder when p is divided by 24?
22
What is the remainder when (4*3)/((-114)/(-285)) is divided by 11?
8
Let c(q) = 2*q**3 + 2*q**2 + 11*q - 34. What is the remainder when c(4) is divided by 53?
11
Let r = -4 + 3. Let x(z) = -8*z + 3. What is the remainder when 20 is divided by x(r)?
9
Suppose 8*x - 52 = -28. Suppose x*c - 51 = -2*n, -5*n + 151 - 31 = 5*c. Let g = 52 - -30. Calculate the remainder when g is divided by n.
19
Let q(w) = 16*w - 10. Let m be q(3). Let j = m - 20. Calculate the remainder when 53 is divided by j.
17
Suppose -2*o - 3*o - 55 = 0. Let n = o - -34. What is the remainder